129*j**3 + 59 + 2*j - 3082*j**3 + 4*j**2 - 17*j. Give i(4).
-1
Let d(s) be the second derivative of s**3/6 + s**2 - s. Suppose 0 = 26*y + 455 + 403. Let t be -3 - ((y - -27) + (-1 - -11)). Give d(t).
-5
Let f(s) be the third derivative of -s**4/6 + 5*s**3/6 - 3*s**2. Let c(n) = -467*n + 471. Let a be c(1). What is f(a)?
-11
Let m(x) be the third derivative of x**7/2520 - x**6/720 + 13*x**5/20 + x**4/12 + 2*x**2 - 3*x. Let y(s) be the third derivative of m(s). Give y(7).
13
Let k be (-2 + (8/(-12) - -2))*-3. Let n(z) = -2*z + 3 + 3 - z + k + z. Determine n(4).
0
Let p be (-1)/2 - 3/(-2). Suppose 3*z + 74*z - 493 + 108 = 0. Let q be (p + -1)*(4 - (0 + z)). Let v(d) = -d**3 + 15. Determine v(q).
15
Let a(b) be the first derivative of -b**3 - 3*b**2/2 - b - 1. Let i = 363 - 361. Suppose 5*q - 3*v - 5 = 0, -7*v = i*q - 12*v - 21. What is a(q)?
-7
Suppose -2*s + 4*g + 15 = -5*s, s + 5 = -5*g. Let j = 25 - 23. Let m(x) = x**2 - 6 + x**3 + 2*x + 10*x**j - 5*x**2. Give m(s).
9
Let l(h) be the third derivative of -h**4/24 - 5*h**3/3 + h**2 + 41. Let t be ((-18)/12)/(1/8). What is l(t)?
2
Let f(b) be the first derivative of b**2/2 - 11*b + 1025. Calculate f(5).
-6
Suppose x = b - 5, -4*b - 2 + 4 = 2*x. Suppose 2*u + b*u + 5*i = -25, -2*u - 32 = -4*i. Let c be (-1 + 2)*-1 + u. Let p(d) = -2*d - 15. Give p(c).
7
Let o(j) = -1 + 14 - j - 13. Let q(h) = 2*h + 9. Let r(f) = -3*o(f) - q(f). Calculate r(6).
-3
Let r(a) = -2*a**2 + 283*a - 1756. Let f be r(135). Let d(k) = 6*k**3 + k**2 - 2*k - 1. Determine d(f).
-4
Let o(m) = -2*m + 4. Let f be o(2). Suppose -2*v + 5*z = 8*z - 13, f = v + 5*z - 17. Suppose h + h + 16 = -3*w, 8 = -h + v*w. Let k(d) = d + 7. Give k(h).
-1
Let n(v) = v**3 + 4*v**2 + 2*v + 2. Let c = -5 + -64. Let t = c - -65. Give n(t).
-6
Let g(h) be the second derivative of h**4/12 + h**3/6 + 7*h**2/2 + 193*h. Let d be 0/((-4)/4 + 0). Determine g(d).
7
Let a(g) = 21*g**2 + 8*g - 5. Suppose -5*d = 5*p, 250*d - 12 = 252*d - p. Let x(t) = -26*t**2 - 9*t + 6. Let j(l) = d*x(l) - 5*a(l). Let i = -1 + -5. Give j(i).
-11
Let x(a) be the second derivative of -a**5/20 + 2*a**4/3 + 2*a**3 - 15*a**2/2 - 935*a. Calculate x(9).
12
Let n(z) = -z**3 - 33*z**2 + 35*z + 47. Let f be n(-34). Let t(y) = -31 - 2*y - 6*y**2 - y**3 + 17 + f. Determine t(-5).
-16
Let l(p) = -3*p - 4*p - 31 - 7*p + 4*p + 11*p. Determine l(26).
-5
Let v(m) = m**3 - 5*m**2 - 10*m + 59. Let b(z) = z**3 - 6*z**2 + 29*z - 116. Let f be b(5). Determine v(f).
3
Let a(r) = 10*r - 5. Let d(k) = 2*k - 26. Let g be d(11). Let c(l) = -5*l + 3. Let b(z) = g*a(z) - 7*c(z). Let h be 3/(3*2/6). Calculate b(h).
-16
Let s(h) be the third derivative of -h**5/20 + 9*h**4/8 + 53*h**3/6 + h**2 + 2710*h - 2. What is s(-2)?
-13
Let h be 1*-9 - 36/126*-21. Suppose -5*z = -2*z - 3. Let o be (z - -2) + 2 + -2 + h. Let g(n) = -n**2 + n - 6. Determine g(o).
-6
Let h be 0/((4/2)/(-2)). Suppose 13*k + 21 + 44 = h. Let m(r) = -r**2 - r - 1. Determine m(k).
-21
Let l(u) = 25*u**2 + 12. Suppose f + 4*q = -32, 52 = 3*f + q + 60. Give l(f).
12
Let j be (18 + -19)/(2/(-4)). Let l(t) = 15*t - 3 + 127*t**j - 6 - 142*t**2 - t**3 + 0. Give l(-16).
7
Let s = 26 - 19. Let d(r) = -2*r + s*r - r**3 - 4*r**2 - 6*r + r**2 + 2*r**3 - 2. Calculate d(2).
-8
Let x(d) = d**3 - 6*d**2 + 5*d + 3. Let t = -92 + 94. Suppose 5 = a + t*j, -2*j + 6*j = 0. What is x(a)?
3
Suppose -3*u = -5*u. Let n(v) = -v**2 + u - 1 + 0. Suppose -2*d - 411 = 4*f - 391, 5*d - 10 = 5*f. Determine n(f).
-17
Let w(r) be the first derivative of -2*r**2 - 55*r + 1531. Calculate w(-15).
5
Let l(t) = 10 + 2459*t**2 - t - 8*t - 2458*t**2. Suppose 3*y + 4*f - 17 = 3*f, f = 2*y - 13. Give l(y).
-8
Let b(y) = -y**3 - 9*y**2 + 26*y + 33. Let n be b(-11). Let x(j) = j**3 + 10*j**2 - 10*j + 16. Calculate x(n).
5
Let c(l) = 8*l - 38. Let w(v) = -3*v + 13. Let s = -492 + 496. Let b(x) = s*c(x) + 11*w(x). Determine b(-7).
-2
Let p = 2744 - 2759. Let b(m) = 2*m + 26. Calculate b(p).
-4
Let f(w) = -21*w + 35. Let v = -3134 + 3139. Give f(v).
-70
Let z(h) = h**2 + 8*h - 47. Suppose -204*m + 48 = -208*m. Let s be z(m). Let c(l) = -31*l + 1. Calculate c(s).
-30
Let m(d) = 131 + 9*d**2 - 26*d - 309 + 2*d**3 + 15*d + 125. Determine m(-4).
7
Let y(i) = -37*i**3 + 9*i**2 + 41*i + 97. Let b(w) = 5*w**3 - w**2 - 6*w - 14. Let q(a) = -15*b(a) - 2*y(a). Determine q(-5).
26
Let f(y) = -9*y - 115. Let o be f(-13). Let n(c) = -c**2 + c + 190 - 190. Give n(o).
-2
Let v(j) = j**2 + 35*j + 130. Let c be v(-31). Let u(x) = x**2 + x - 32. Calculate u(c).
10
Let n(h) = -4*h**3 - 7*h**2 + 2*h + 7. Let z(p) = p**3. Let f(b) = n(b) + 3*z(b). Suppose 24*g - 21*g = -549. Let y = g + 176. Give f(y).
-7
Let o(c) be the third derivative of -79*c**4/24 + 27*c**2 - 48. Calculate o(1).
-79
Let o(v) be the third derivative of -v**4/8 + v**2. Let t be (36/(-7) - (-222)/(-259)) + 5. What is o(t)?
3
Let d = 4575 + -4550. Let f(t) = t**3 - 23*t**2 - 54*t + 97. Determine f(d).
-3
Let h(c) = c - 2 - 30*c**3 + 29*c**3 + 3. Let d be (-9*(-3)/54 + (-6)/12)/2. Give h(d).
1
Let w(c) = -c**2 + 12*c - 15. Let j be w(10). Let r be (-2)/(1 - -1)*(43 - 48). Suppose 2*u - 8 = 0, 0*u = j*g + r*u + 10. Let z(b) = b**2 + 6*b + 2. Give z(g).
2
Let i(l) = 5*l - 16 - 52 + 14 + 16 + 4. Give i(6).
-4
Suppose -4*n + 449 = 3*x - 4*x, -x - 227 = -2*n. Suppose n - 47 = 8*b. Let f(t) = -t**2 + 11*t - 2. Determine f(b).
22
Let b(x) = x**3 + 8*x**2 + 3*x + 29. Let a be b(-8). Let s(l) = 2*l - 7 + 5 - 3*l. Give s(a).
-7
Let t(l) = -3*l**2 - 50*l - 40. Let i(c) = -43*c - 231. Let o be i(-5). Give t(o).
-8
Let k(f) be the first derivative of f**3/3 - 3*f**2 - 9*f - 537. Let j be -4 - (-1 + -5) - -5. What is k(j)?
-2
Let z(a) = -a**3 + 8*a**2 + 4*a - 20. Let d be z(8). Suppose d*r - 16*r = 388. Let w = r + 90. Let o(v) = v + 2. Determine o(w).
-5
Let q = 65 - 67. Let k(b) be the second derivative of b**4/12 - b**3/6 - b**2 + 86*b. Calculate k(q).
4
Let h(l) be the third derivative of 7*l**4/24 + l**3/3 + 907*l**2. Let o be (24/(-30))/(2/5). What is h(o)?
-12
Let v(j) be the second derivative of 0*j**3 - j + 103 - 3/20*j**5 - 1/6*j**4 + 0*j**2. Calculate v(-2).
16
Let d = 264 + -263. Let o(z) = -10*z**3 - 3*z**2 + 3*z - 2. Let n(q) = q**2 - q + 1. Let p(t) = -2*n(t) - o(t). Calculate p(d).
10
Let i = 901 - 894. Let z(q) = -q**3 + 7*q**2 - 3*q + 12. What is z(i)?
-9
Let h(o) = o**2 + 7*o + 2. Let i be h(-6). Let d(b) = -9*b + 1655*b**2 - 17 - 13 + 3*b + 20 - 1656*b**2. What is d(i)?
-2
Let w be 633/(-6) - 35/14. Let g = -110 - w. Let l(f) be the third derivative of -3*f**4/8 - f**3/3 + f**2. Determine l(g).
16
Let o(g) = -g**2 - 10*g - 23. Let d = 4354 + -4364. Determine o(d).
-23
Let p(v) = 162*v + 203. Let d(y) = 290*y + 405. Let z(h) = 6*d(h) - 11*p(h). Give z(5).
-13
Let r(u) = -8*u**3 - 2*u**2 + 8*u - 1. Let h(m) = 6*m - 9*m - 3*m + 7*m. Let i(l) = -6*h(l) + r(l). Give i(1).
-9
Let q(l) = -5*l + 2. Let i be 6 - 136/20 - 222/(-15). Suppose 10*g + 8 = i*g. What is q(g)?
-8
Let f(y) = 5*y**2 + y - 2*y**3 + 2 + y + 3*y**3. Let k(d) = -22*d - d**3 - 10*d + 83 + 1443*d**2 - 1413*d**2. Let a be k(29). Determine f(a).
10
Let o(w) = 20*w**2 - 3. Let i = -134 + 141. Let m(y) = 9*y**2 - 1. Let b(h) = i*m(h) - 3*o(h). What is b(2)?
14
Let q(u) = 7*u**2 + u - 1. Suppose 3*r - 8 = -r. Let s be r*(-4)/(-3)*3. Suppose -3*m - 5 + s = 0. Determine q(m).
7
Let y(u) = u**2 - 13*u + 60. Suppose 5*l + 336*n - 335*n = 35, -l + 7 = 5*n. What is y(l)?
18
Let j(x) = -2*x + 9. Let n(g) = 3*g**3 + 18*g**2 - 13*g - 1. Let o(k) = 4*k**3 + 19*k**2 - 13*k - 3. Let v(r) = 5*n(r) - 4*o(r). Let p be v(13). Determine j(p).
-5
Let y(n) = -n**2 - 8*n - 13. Let m(u) = u**2 + 29*u - 2346. Let o be m(-65). What is y(o)?
-1
Let g(m) be the second derivative of m**3/6 + 35*m**2/2 - 13*m + 1. Let t be g(-31). Let o(x) = -7*x + x**2 + 2 - 2*x**2 + 2*x**2. Give o(t).
-10
Let l(i) = -18*i + 0*i**2 - 11*i + 5 - 4*i**2 + 23*i. Give l(-4).
-35
Let d be 1 - (285/(-105) - (-1 + 27/21)). Let x(s) be the second derivative of 5/2*s**2 + 17*s + 0 - 5/3*s**3 - 1/12*s**d. Determine x(-11).
-6
Let y = -1191 - -1193. Let h(j) = 3*j - 3. Calculate h(y).
3
Let q(n) = 39*n - 129 - 100 + n**3 - 29*n**2 + 258 + 7*n**2. Give q(20).
9
Let s(r) = r - 14. Let g be -2 + 3/(-6)*-94. Suppose g + 11 = 4*d. Let